7
Let u(q) = -3624*q - 32576. What is u(-9)?
40
Let y(l) = l**3 - 9*l**2 + 9*l + 15. Give y(3).
-12
Let o(f) = 2*f**2 - 26*f - 13. Calculate o(7).
-97
Let t(w) = 2*w**2 + 66*w - 817. Calculate t(9).
-61
Let w(v) = 6975*v + 13951. Calculate w(-2).
1
Let c(b) = 2*b**2 - 41*b + 45. Determine c(19).
-12
Let t(o) = 4*o**3 + 3*o**2 - 11*o - 23. What is t(-2)?
-21
Let x(c) = -282*c**2 + 7*c - 5. What is x(1)?
-280
Let w(o) = -3*o**3 + 84*o**2 + 81*o + 164. What is w(29)?
-10
Let p(i) = -i**3 - 157*i**2 + 128*i - 4740. Calculate p(-158).
0
Let t(x) = 740*x + 3022. Determine t(-4).
62
Let u(k) = -3*k**2 - 22*k - 37. Determine u(-10).
-117
Let r(w) = -912*w - 12770. What is r(-14)?
-2
Let k(o) = 3*o**2 + 81*o - 25. What is k(-28)?
59
Let j(l) = -13*l + 553. Determine j(41).
20
Let h(r) = -2*r**2 - 10*r + 2. What is h(-10)?
-98
Let p(y) = 755*y - 9072. Calculate p(12).
-12
Let y(s) = -2*s**2 + 174*s - 337. Give y(85).
3
Let k(r) = -r**3 + 36*r**2 + 35*r - 146. Determine k(37).
-220
Let u(f) = 150*f + 3459. Give u(-23).
9
Let k(f) = -2*f**3 - 896*f**2 - 75*f - 33591. What is k(-448)?
9
Let h(w) = 3*w**2 + 314*w + 7664. Calculate h(-66).
8
Let f(p) = p**3 + p**2 - 19*p - 20. What is f(-3)?
19
Let x(j) = -2*j**3 - 13*j**2 - 9*j - 7. Calculate x(-8).
257
Let l(j) = -13*j**2 + 261*j - 21. Calculate l(20).
-1
Let u(l) = -15*l - 33. What is u(-8)?
87
Let n(d) = -2*d**2 - 8*d - 105. What is n(-10)?
-225
Let x(g) = 1779*g - 12457. What is x(7)?
-4
Let x(u) = -8430*u - 50577. Give x(-6).
3
Let a(o) = -17*o + 133. Give a(10).
-37
Let q(r) = r**3 + 3*r**2 - 79*r - 308. Calculate q(-8).
4
Let d(g) = g**3 + 33*g**2 - 257*g - 889. Give d(-39).
8
Let n(v) = v**2 - 7*v - 7991. Give n(-86).
7
Let x(b) = 53*b + 55. Give x(-1).
2
Let p(o) = -15*o - 67. What is p(-8)?
53
Let n(m) = 6*m + 91. Determine n(-19).
-23
Let o(q) = -q**3 - 19*q**2 + 35*q - 91. Give o(-20).
-391
Let s(u) = 20*u**2 + 20*u - 125. What is s(4)?
275
Let i(l) = 30*l + 1532. Determine i(-51).
2
Let v(l) = 28*l - 185. Calculate v(5).
-45
Let s(b) = 9*b - 271. What is s(25)?
-46
Let x(k) = 31*k**2 + 101*k + 83. Determine x(-2).
5
Let t(a) = -a**2 - 122*a - 1986. Give t(-103).
-29
Let f(b) = 66*b + 110. Give f(-1).
44
Let r(l) = -2*l**3 + 141*l**2 + 69*l + 123. Determine r(71).
-19
Let h(s) = s**2 + 37*s + 91. Determine h(0).
91
Let w(g) = g**2 - 191*g - 1561. What is w(-8)?
31
Let q(n) = -18*n - 312. Determine q(-14).
-60
Let l(d) = -22*d**2 - 133*d + 3. Determine l(-7).
-144
Let a(n) = -55*n + 2046. Give a(37).
11
Let s(t) = -4*t**2 - 161*t + 173. Determine s(1).
8
Let d(n) = 41*n + 359. What is d(-7)?
72
Let z(a) = -11*a**2 + 37*a + 88. Give z(-2).
-30
Let i(z) = -19*z - 36. Calculate i(-10).
154
Let k(s) = -2*s**3 + 27*s**2 - 11*s - 14. What is k(13)?
12
Let t(j) = -j**3 + 36*j**2 + 350*j + 88. What is t(44)?
0
Let v(j) = 7*j**2 + 34*j + 52. Calculate v(-2).
12
Let i(l) = l**3 - 52*l**2 - 127*l + 882. Calculate i(54).
-144
Let h(q) = q**2 + 8*q - 53. What is h(-13)?
12
Let p(n) = 2*n**3 - 19*n**2 + 22*n + 17. Give p(8).
1
Let a(m) = 6*m**2 + 15*m - 313. Determine a(6).
-7
Let h(i) = i**3 + 42*i**2 + 299*i - 1. Calculate h(-9).
-19
Let a(q) = -q**2 + 24*q + 32. Calculate a(16).
160
Let n(s) = -129*s + 1647. What is n(12)?
99
Let b(n) = -n**3 - 45*n**2 - 3*n + 107. Determine b(-45).
242
Let q(d) = -28*d - 364. Calculate q(-6).
-196
Let w(x) = 2*x**3 + 16*x**2 + x - 4. Determine w(-7).
87
Let i(a) = 73*a + 5731. What is i(-78)?
37
Let p(c) = 9153*c + 64063. Calculate p(-7).
-8
Let u(q) = q**3 + 19*q**2 - 6*q - 427. What is u(-18)?
5
Let f(q) = -q**3 + 60*q**2 + 40*q + 1358. Calculate f(61).
77
Let v(u) = 208*u**2 + 34*u. Give v(0).
0
Let u(o) = 1208*o + 4843. Give u(-4).
11
Let u(t) = 36*t - 353. Calculate u(8).
-65
Let d(i) = -98*i + 5489. Determine d(56).
1
Let l(i) = -38*i - 60. Determine l(-5).
130
Let l(i) = 16*i**2 - 4*i - 11. What is l(-4)?
261
Let d(a) = -a**3 - 9*a**2 - 253*a - 1409. Determine d(-6).
1
Let j(q) = 211*q + 7629. Give j(-36).
33
Let v(q) = 967*q + 950. Calculate v(-1).
-17
Let r(g) = -g**3 - 10*g**2 + 32*g + 16. Calculate r(-10).
-304
Let s(a) = 2*a**3 - 13*a**2 + 4*a + 15. Calculate s(4).
-49
Let z(o) = -177*o**2 - 4*o - 2. Give z(-1).
-175
Let o(q) = -q**3 - 21*q**2 - 104*q - 74. What is o(-6)?
10
Let v(f) = -30*f + 501. Determine v(17).
-9
Let h(w) = -w**3 - 3*w**2 + 9*w + 24. Calculate h(3).
-3
Let j(x) = -x**3 + 108*x**2 - 1690*x - 56. Calculate j(19).
-37
Let d(m) = 3367*m - 57231. What is d(17)?
8
Let w(y) = -y**3 - 65*y**2 - 83*y - 1230. Determine w(-64).
-14
Let l(b) = -b**3 - 20*b**2 + 97*b - 9. Calculate l(4).
-5
Let g(f) = -116*f - 1248. Give g(-12).
144
Let t(h) = h**2 - 15*h - 614. Determine t(32).
-70
Let a(p) = -12*p + 257. Calculate a(11).
125
Let y(n) = n**3 + 23*n**2 + 36*n + 320. Determine y(-22).
12
Let g(k) = 5*k**2 + 18*k - 27. Determine g(-6).
45
Let l(n) = -2*n**3 - 4*n**2 + 150*n + 296. Determine l(-2).
-4
Let y(l) = l**2 - 38*l + 152. What is y(19)?
-209
Let f(h) = -h**3 - 7*h**2 - 7*h + 111. Give f(-6).
117
Let i(s) = 259*s + 229. Give i(-1).
-30
Let l(b) = 31*b + 327. Determine l(-11).
-14
Let a(n) = -27*n + 185. Calculate a(8).
-31
Let x(y) = -202*y - 5452. What is x(-27)?
2
Let c(y) = -y**3 - 12*y**2 - 11*y - 281. Calculate c(-13).
31
Let p(b) = -2*b**3 - 18*b**2 - 11*b + 65. Give p(-8).
25
Let i(y) = y**3 + 5*y**2 - 7*y - 41. Give i(-5).
-6
Let v(l) = -13056*l + 104450. What is v(8)?
2
Let n(v) = v**2 + 6*v - 302. What is n(-19)?
-55
Let c(l) = 24*l + 5. Determine c(2).
53
Let q(f) = -65*f**2 + 18*f + 14. What is q(-3)?
-625
Let d(w) = -w**3 + 11*w**2 - 34*w + 117. What is d(9)?
-27
Let m(l) = -l**2 - 47*l - 531. Give m(-21).
15
Let i(y) = -189*y + 3368. Calculate i(18).
-34
Let b(w) = -3*w**2 + 103*w - 693. Calculate b(25).
7
Let n(r) = -10*r**2 + 73*r + 743. Give n(13).
2
Let h(i) = 3*i**3 + 68*i**2 + 34*i - 203. Calculate h(-22).
17
Let g(s) = 5*s**2 - 196*s + 528. Calculate g(3).
-15
Let p(d) = -2*d**3 - 3*d**2 - 22*d - 11. Give p(-5).
274
Let r(c) = -3*c**2 - 210*c + 652. Calculate r(-73).
-5
Let q(b) = 350*b + 8407. Calculate q(-24).
7
Let c(y) = -y**3 - 139*y**2 + 279*y - 420. Give c(-141).
3
Let a(t) = 21*t + 608. Determine a(-45).
-337
Let d(c) = -3*c**2 + 70*c + 130. Give d(25).
5
Let r(f) = f**2 + 29*f + 99. Calculate r(-22).
-55
Let y(p) = 3*p**3 - 16*p**2 + 33*p - 17. Give y(3).
19
Let u(a) = -71*a - 223. Calculate u(-7).
274
Let k(n) = -219*n**2 + 2411*n + 9. Give k(11).
31
Let y(s) = -s**2 - 136*s + 863. What is y(6)?
11
Let k(t) = -42*t - 32. Determine k(-7).
262
Let o(w) = 41*w + 321. Determine o(-7).
34
Let q(n) = 3*n**3 - 29*n**2 + 37*n - 175. Calculate q(9).
-4
Let k(n) = 2*n**3 - n**2 - n. Give k(-2).
-18
Let d(c) = 636*c + 8265. Give d(-13).
-3
Let w(y) = 2*y**3 - 164*y**2 + 319*y + 60. Determine w(80).
-20
Let w(g) = 4*g**3 + 7*g**2 - 4*g + 91. Give w(-4).
-37
Let l(z) = z**2 - 64*z - 59. Give l(66).
73
Let v(c) = 40*c**2 - 728*c - 41. Determine v(18).
-185
Let r(k) = k**3 + 6*k**2 + 61*k + 286. Determine r(-5).
6
Let r(c) = -7*c**2 + 54*c + 73. Determine r(8).
57
Let q(r) = r**3 + 7*r**2 + 16*r + 113. Give q(-8).
-79
Let r(z) = 7*z**2 + 14*z - 25. Determine r(-5).
80
Let u(j) = 3*j**3 + 33*j**2 - 13*j + 19. Determine u(-12).
-257
Let m(b) = -8*b + 231. What is m(31)?
-17
Let f(m) = 43*m - 5731. Determine f(134).
31
Let y(u) = u**3 - 10*u**2 + 29*u - 19. Determine y(4).
1
Let v(q) = -80*q**2 + 4*q - 9. Give v(2).
-321
Let y(u) = 3*u**2 + 242*u + 3828. Give y(-59).
-7
Let i(w) = -110*w + 80. What is i(2)?
-140
Let o(y) = -y**3 - 28*y**2 - 149*y - 4189. What is o(-28)?
-17
Let b(v) = -419*v**3 + 7*v**2 - 2*v - 4. Give b(1).
-418
Let p(o) = -199*o - 1916. What is p(-9)?
-125
Let q(o) = 83*o**3 + 333*o**2 - o - 2. Give q(-4).
18
Let z(u) = -10*u**2 - 1436*u + 562. What is z(-144)?
-14
Let l(f) = 3*f**3 - 250*f**2 + 961*f + 2. Determine l(4).
38
Let q(i) = -5*i**2 - 4*i + 37. What is q(4)?
-59
Let p(v) = 2*v**2 - 66*v - 172. Calculate p(38).
208
Let c(g) = -2*g**3 + 13*g**2 + 20*g - 110. Determine c(7).
-19
Let o(g) = 3*g**3 + 6*g - 85. Give o(3).
14
Let z(f) = -f**3 - 33*f**2 + 199*f + 7. Calculate z(-38).
-335
Let n(w) = 3*w**3 + w**2 - 17*w + 70. Give n(5).
385
Let p(y) = 310*y + 597. Determine p(-2).
-23
Let m(b) = -53*b + 81. 